2243102?
12232121
In base 4, what is -30 + 122223032302?
122223032212
In base 7, what is 262 - -22212?
22504
In base 12, what is -480a8 + -aa?
-48196
In base 11, what is 118 - 28599?
-28481
In base 10, what is -931 + -115486?
-116417
In base 11, what is 5385 + 436?
5810
In base 15, what is -4c3cb5 - -14?
-4c3ca1
In base 16, what is -6d71 - -20a?
-6b67
In base 7, what is -2633330521 + 0?
-2633330521
In base 9, what is 47576058 - -3?
47576062
In base 7, what is -111 - -42122315?
42122204
In base 7, what is 342342 + 20?
342362
In base 7, what is 3434164 - 125?
3434036
In base 4, what is 3 - -3303011323?
3303011332
In base 12, what is -11b3656a + 2?
-11b36568
In base 3, what is -20121111121022 + -2101?
-20121111200200
In base 14, what is 515ca3b - c?
515ca2d
In base 7, what is 5534662 - -1?
5534663
In base 14, what is 17a02 + -d0c?
16ad4
In base 15, what is 1cee - ac9e?
-8ea0
In base 12, what is -17 + 22071?
22056
In base 9, what is -3 - -8234120?
8234116
In base 14, what is 2c21b3b + 12?
2c21b4d
In base 2, what is -1111111001000 - 1010110110?
-10001001111110
In base 16, what is -efaa0 + 7?
-efa99
In base 13, what is 3 - -2c301?
2c304
In base 16, what is 3684cf2 - -4?
3684cf6
In base 13, what is 57545 + 305c?
5a5a4
In base 3, what is -12121110212210220 - 11?
-12121110212211001
In base 14, what is -1db99185 + 0?
-1db99185
In base 8, what is -1437 + -177507?
-201146
In base 15, what is -8907aea - -5?
-8907ae5
In base 4, what is -10312313100021 + -3?
-10312313100030
In base 12, what is -30b - -16791?
16482
In base 15, what is 3955b56 + -2?
3955b54
In base 5, what is -22120142303 + -3?
-22120142311
In base 3, what is 2 - -2221221012100020?
2221221012100022
In base 16, what is 3531c80 - -3?
3531c83
In base 15, what is -169cdc + 1?
-169cdb
In base 9, what is 17850454 - 63?
17850381
In base 6, what is -450543 - 44004?
-534551
In base 5, what is 241200 - 10422?
230223
In base 16, what is -6e8c + -2c95?
-9b21
In base 12, what is 7 - 1101b97?
-1101b90
In base 8, what is -10 - 74373712?
-74373722
In base 9, what is -48228142 - 4?
-48228146
In base 7, what is 11 + 50151310?
50151321
In base 7, what is -224206401 + -2?
-224206403
In base 14, what is 18c + -389ac6?
-389938
In base 11, what is -7 - 436589?
-436595
In base 3, what is -100221010 + -1011202011?
-1112200021
In base 6, what is 11050 - -2053?
13143
In base 9, what is -4387365 + 28?
-4387336
In base 9, what is -7366011 - -11?
-7366000
In base 9, what is -4550 - 4856?
-10516
In base 10, what is -1199509 - -4?
-1199505
In base 11, what is -55aa + 3939?
-1771
In base 7, what is -10030 - -5626?
-1101
In base 5, what is -340 - 1013314000?
-1013314340
In base 15, what is 119174b6 - -2?
119174b8
In base 3, what is 1100011020 + 20212?
1100102002
In base 10, what is -1220 + 9308?
8088
In base 12, what is -5 - 2ba79218?
-2ba79221
In base 12, what is -187 - -1597?
1410
In base 12, what is -6b + 243340?
243291
In base 4, what is 101112 - -20123?
121301
In base 12, what is 6573a98 - 14?
6573a84
In base 12, what is 6b08288 + 4?
6b08290
In base 8, what is 4 + -10063410?
-10063404
In base 9, what is 6615 - -48002?
55617
In base 13, what is 1298b - -1b?
129a9
In base 15, what is -2 - -78812?
78810
In base 11, what is 106a47760 - 3?
106a47758
In base 4, what is -131312200 + -220?
-131313020
In base 16, what is 473 + -27e2?
-236f
In base 11, what is -46275 + -62?
-46327
In base 10, what is -3 - 5990042?
-5990045
In base 14, what is -1182d9 - -5b?
-11827c
In base 3, what is -12011101 - -1210202?
-10100122
In base 10, what is -44 - 154691?
-154735
In base 5, what is -33 - 30433123044?
-30433123132
In base 15, what is 198 + -2400da?
-23ee42
In base 13, what is -1 - -1b39784?
1b39783
In base 5, what is 102004 + 2410?
104414
In base 4, what is 1 + -13210030101131?
-13210030101130
In base 13, what is 4 + -2a6bb3?
-2a6bac
In base 9, what is 4 + 100127645?
100127650
In base 9, what is -6008455 + -1?
-6008456
In base 4, what is -1233 + -213332021?
-213333320
In base 12, what is -3 + -8417859?
-8417860
In base 11, what is -1a498085 - 0?
-1a498085
In base 13, what is b007bab - 0?
b007bab
In base 2, what is -1100101100 - -1000010?
-1011101010
In base 8, what is 35453002 + 5?
35453007
In base 10, what is -45607 - 758?
-46365
In base 2, what is 10110110 - -10101101111101?
10110000110011
In base 8, what is -5307566 - 16?
-5307604
In base 13, what is -10c - -9888a?
9877b
In base 5, what is -22121011441 - -4?
-22121011432
In base 4, what is -32 - -3133122033300?
3133122033202
In base 14, what is 6 - -3985c?
39864
In base 3, what is 111021122121110212 - -2?
111021122121110221
In base 8, what is -212703260 - -37?
-212703221
In base 13, what is -7 - 17688aa6?
-17688ab0
In base 4, what is 1001201301000 - -2?
1001201301002
In base 5, what is -1021 + -30440242?
-30441313
In base 6, what is 13134325 - 3?
13134322
In base 12, what is 63 - -80319?
80380
In base 8, what is 2026 + 204525?
206553
In base 9, what is -3583585 - 6?
-3583602
In base 9, what is -10 + -4463182?
-4463202
In base 5, what is 322240332321 + -4?
322240332312
In base 7, what is -1051106436 - 12?
-1051106451
In base 6, what is -420 - 134223513?
-134224333
In base 6, what is -211321214 - -43?
-211321131
In base 16, what is 5 + -ff71ce5?
-ff71ce0
In base 14, what is -9c + -38600a?
-3860a8
In base 9, what is 1518686 + 241?
1520037
In base 6, what is 15301414 + 21?
15301435
In base 4, what is -13 - 3100201023?
-3100201102
In base 7, what is 462126 - 1626?
460200
In base 11, what is 3577 - -5851?
9318
In base 13, what is -3a1 - -9b5a?
9789
In base 16, what is -66516c8 + 4?
-66516c4
In base 3, what is 12112010011 + 11221?
12112022002
In base 5, what is -10210000 + 24223?
-10130222
In base 15, what is -762 - 3c055?
-3c7b7
In base 4, what is 10 + 130110110321?
130110110331
In base 2, what is 11 + -11111000000111101110111?
-11111000000111101110100
In base 11, what is -88 + 115735?
115658
In base 2, what is 11000 + 1101011100101111001011?
1101011100101111100011
In base 8, what is 135326225 + 12?
135326237
In base 7, what is -444 + -4060455?
-4061232
In base 10, what is -5688 - -47?
-5641
In base 4, what is -231213300 - 111313?
-231331213
In base 9, what is -2815 - -84377?
81462
In base 4, what is 11 - 13121303121131?
-13121303121120
In base 9, what is -108245 - -24866?
-73268
In base 8, what is 5530477 + 51?
5530550
In base 7, what is -20644555645 + -1?
-20644555646
In base 8, what is -341 - -1164616?
1164255
In base 5, what is 10144112 - -42?
10144204
In base 8, what is 14777132 + 41?
14777173
In base 15, what is -c319 + 2a?
-c2de
In base 15, what is -17cc5 + -11?
-17cd6
In base 11, what is -472973 - -7?
-472967
In base 10, what is -151899519 + -8?
-151899527
In base 11, what is 18488 - 374?
18114
In base 2, what is 1100011111100 + 11011111000?
1111111110100
In base 4, what is -330231221 + 1110?
-330230111
In base 11, what is -22376a132 - -5?
-22376a128
In base 8, what is 52 + -31215041?
-31214767
In base 9, what is -15506 - -268?
-15227
In base 6, what is 0 - 52453451?
-52453451
In base 12, what is -3 - -90a2b0?
90a2a9
In base 3, what is 1021122 - -20222212?
22021111
In base 9, what is -22377332 - -1?
-22377331
In base 15, what is -45 - b00?
-b45
In base 12, what is 1 - 4354018?
-4354017
In base 14, what is 29 + -7a3616?
-7a35cb
In base 5, what is -12 + 11001424?
11001412
In base 11, what is 677 + -a608?
-9a41
In base 11, what is -22 + 50849?
50827
In base 14, what is 138c55 - -2?
138c57
In base 7, what is 4133 - 111426?
-104263
In base 15, what is 4 + d5a189?
d5a18d
In base 8, what is 11 + 3320356?
3320367
In base 10, what is -37461453 - 5?
-37461458
In base 13, what is 9 - 13a38687?
-13a3867b
In base 11, what is 171231420 + -4?
171231417
In base 12, what is -4 + -160001?
-160005
In base 7, what is -32 + 6620512?
6620450
In base 16, what is -45d35e + -1?
-45d35f
In base 14, what is -433c6b + -3?
-433c70
In base 11, what is -1707a4 - 76?
-17086a
In base 4, what is -321 + 3210230203?
3210223222
In base 8, what is 323076 + 327?
323425
In base 3, what is -102002 + 21?
-101211
In base 13, what is 1939 - 44c0?
-2884
In base 3, what is -11 + -111121002202100?
-111121002202111
In base 7, what is 30246005 + -4?
30246001
In base 7, what is 343231 + -4101?
336130
In base 12, what is -28a3 - 